{"id":281,"date":"2025-03-14T15:25:57","date_gmt":"2025-03-14T14:25:57","guid":{"rendered":"https:\/\/lagrainebleue.fr\/?page_id=281"},"modified":"2025-04-08T16:14:14","modified_gmt":"2025-04-08T14:14:14","slug":"hc3p-non","status":"publish","type":"page","link":"http:\/\/lagrainebleue.fr\/index.php\/hc3p-non\/","title":{"rendered":"HC3P_non"},"content":{"rendered":"\t\t<div data-elementor-type=\"wp-page\" data-elementor-id=\"281\" class=\"elementor elementor-281\">\n\t\t\t\t<div class=\"elementor-element elementor-element-5f759bd e-flex e-con-boxed e-con e-parent\" data-id=\"5f759bd\" data-element_type=\"container\">\n\t\t\t\t\t<div class=\"e-con-inner\">\n\t\t<div class=\"elementor-element elementor-element-2bdbf15 e-con-full e-flex e-con e-child\" data-id=\"2bdbf15\" data-element_type=\"container\">\n\t\t<div class=\"elementor-element elementor-element-0f2d4dc e-grid e-con-full e-con e-child\" data-id=\"0f2d4dc\" data-element_type=\"container\">\n\t\t<div class=\"elementor-element elementor-element-e838c73 e-con-full e-flex e-con e-child\" data-id=\"e838c73\" data-element_type=\"container\">\n\t\t\t\t<div class=\"elementor-element elementor-element-1128606 elementor-widget elementor-widget-heading\" data-id=\"1128606\" data-element_type=\"widget\" data-widget_type=\"heading.default\">\n\t\t\t\t<div class=\"elementor-widget-container\">\n\t\t\t\t\t<h2 class=\"elementor-heading-title elementor-size-default\">Haut comme 3 pommes<\/h2>\t\t\t\t<\/div>\n\t\t\t\t<\/div>\n\t\t\t\t<div class=\"elementor-element elementor-element-a6512f8 elementor-widget elementor-widget-text-editor\" data-id=\"a6512f8\" data-element_type=\"widget\" data-widget_type=\"text-editor.default\">\n\t\t\t\t<div class=\"elementor-widget-container\">\n\t\t\t\t\t\t\t\t\t<p>Pour le tr\u00e8s jeune public, de la naissance \u00e0 5 ans.<\/p>\t\t\t\t\t\t\t\t<\/div>\n\t\t\t\t<\/div>\n\t\t\t\t<\/div>\n\t\t\t\t<div class=\"elementor-element elementor-element-0d57e99 elementor-widget elementor-widget-image\" data-id=\"0d57e99\" data-element_type=\"widget\" data-widget_type=\"image.default\">\n\t\t\t\t<div class=\"elementor-widget-container\">\n\t\t\t\t\t\t\t\t\t\t\t\t\t\t\t<img decoding=\"async\" width=\"80\" height=\"78\" src=\"https:\/\/lagrainebleue.fr\/wp-content\/uploads\/2025\/03\/Affiche-HC3P-Visuel_BlcX80.jpg\" class=\"attachment-full size-full wp-image-319\" alt=\"\" \/>\t\t\t\t\t\t\t\t\t\t\t\t\t\t\t<\/div>\n\t\t\t\t<\/div>\n\t\t\t\t<div class=\"elementor-element elementor-element-0f4af4f elementor-view-default elementor-position-top elementor-mobile-position-top elementor-widget elementor-widget-icon-box\" data-id=\"0f4af4f\" data-element_type=\"widget\" data-widget_type=\"icon-box.default\">\n\t\t\t\t<div class=\"elementor-widget-container\">\n\t\t\t\t\t\t\t<div class=\"elementor-icon-box-wrapper\">\n\n\t\t\t\t\t\t<div class=\"elementor-icon-box-icon\">\n\t\t\t\t<a href=\"http:\/\/lagrainebleue.fr\/wp-content\/uploads\/2025\/03\/HautComme3Pommes_DossierArtistique_2025.pdf\" target=\"_blank\" class=\"elementor-icon\" tabindex=\"-1\" aria-label=\"Dossier de pr\u00e9sentation\">\n\t\t\t\t<svg aria-hidden=\"true\" class=\"e-font-icon-svg e-fas-file-pdf\" viewBox=\"0 0 384 512\" xmlns=\"http:\/\/www.w3.org\/2000\/svg\"><path d=\"M181.9 256.1c-5-16-4.9-46.9-2-46.9 8.4 0 7.6 36.9 2 46.9zm-1.7 47.2c-7.7 20.2-17.3 43.3-28.4 62.7 18.3-7 39-17.2 62.9-21.9-12.7-9.6-24.9-23.4-34.5-40.8zM86.1 428.1c0 .8 13.2-5.4 34.9-40.2-6.7 6.3-29.1 24.5-34.9 40.2zM248 160h136v328c0 13.3-10.7 24-24 24H24c-13.3 0-24-10.7-24-24V24C0 10.7 10.7 0 24 0h200v136c0 13.2 10.8 24 24 24zm-8 171.8c-20-12.2-33.3-29-42.7-53.8 4.5-18.5 11.6-46.6 6.2-64.2-4.7-29.4-42.4-26.5-47.8-6.8-5 18.3-.4 44.1 8.1 77-11.6 27.6-28.7 64.6-40.8 85.8-.1 0-.1.1-.2.1-27.1 13.9-73.6 44.5-54.5 68 5.6 6.9 16 10 21.5 10 17.9 0 35.7-18 61.1-61.8 25.8-8.5 54.1-19.1 79-23.2 21.7 11.8 47.1 19.5 64 19.5 29.2 0 31.2-32 19.7-43.4-13.9-13.6-54.3-9.7-73.6-7.2zM377 105L279 7c-4.5-4.5-10.6-7-17-7h-6v128h128v-6.1c0-6.3-2.5-12.4-7-16.9zm-74.1 255.3c4.1-2.7-2.5-11.9-42.8-9 37.1 15.8 42.8 9 42.8 9z\"><\/path><\/svg>\t\t\t\t<\/a>\n\t\t\t<\/div>\n\t\t\t\n\t\t\t\t\t\t<div class=\"elementor-icon-box-content\">\n\n\t\t\t\t\t\t\t\t\t<div class=\"elementor-icon-box-title\">\n\t\t\t\t\t\t<a href=\"http:\/\/lagrainebleue.fr\/wp-content\/uploads\/2025\/03\/HautComme3Pommes_DossierArtistique_2025.pdf\" target=\"_blank\" >\n\t\t\t\t\t\t\tDossier de pr\u00e9sentation\t\t\t\t\t\t<\/a>\n\t\t\t\t\t<\/div>\n\t\t\t\t\n\t\t\t\t\n\t\t\t<\/div>\n\t\t\t\n\t\t<\/div>\n\t\t\t\t\t\t<\/div>\n\t\t\t\t<\/div>\n\t\t\t\t<\/div>\n\t\t\t\t<\/div>\n\t\t<div class=\"elementor-element elementor-element-c8ffbf1 e-con-full e-flex e-con e-child\" data-id=\"c8ffbf1\" data-element_type=\"container\">\n\t\t<div class=\"elementor-element elementor-element-80f5a18 e-grid e-con-full e-con e-child\" data-id=\"80f5a18\" data-element_type=\"container\">\n\t\t\t\t<div class=\"elementor-element elementor-element-c0b3291 elementor-widget elementor-widget-text-editor\" data-id=\"c0b3291\" data-element_type=\"widget\" data-widget_type=\"text-editor.default\">\n\t\t\t\t<div class=\"elementor-widget-container\">\n\t\t\t\t\t\t\t\t\t<p><strong>Haut comme 3 pommes<\/strong>\u00a0est un spectacle visuel et po\u00e9tique, ponctu\u00e9 de langue des signes, qui aborde la question de\u00a0la<strong> diff\u00e9rence<\/strong>.<\/p><p>\u00ab\u00a0A quoi ressemble le monde, vu \u00e0 hauteur des yeux d\u2019un petit enfant ?<br \/>Dans\u00a0<strong>Haut comme 3 pommes<\/strong>, une com\u00e9dienne-signeuse et une danseuse s\u2019emparent de cette question.<br \/>Sur le plateau, deux personnages \u00e9voluent dans un univers graphique o\u00f9 le motif du rond se d\u00e9cline sous toutes les formes et se d\u00e9multiplie.<\/p><p>De situations cocasses en tableaux po\u00e9tiques, le\u00a0<strong>jeu<\/strong>\u00a0est partout. La\u00a0<strong>danse<\/strong> s\u2019invite. La\u00a0<strong>Langue des Signes\u00a0<\/strong>devient mati\u00e8re chor\u00e9graphique.\u00a0\u00bb<\/p>\t\t\t\t\t\t\t\t<\/div>\n\t\t\t\t<\/div>\n\t\t<div class=\"elementor-element elementor-element-c8b0430 e-grid e-con-full e-con e-child\" data-id=\"c8b0430\" data-element_type=\"container\">\n\t\t<div class=\"elementor-element elementor-element-b7a015e e-con-full e-flex e-con e-child\" data-id=\"b7a015e\" data-element_type=\"container\">\n\t\t\t\t<div class=\"elementor-element elementor-element-e607736 elementor-widget elementor-widget-text-editor\" data-id=\"e607736\" data-element_type=\"widget\" data-widget_type=\"text-editor.default\">\n\t\t\t\t<div class=\"elementor-widget-container\">\n\t\t\t\t\t\t\t\t\t<p><b>DISTRIBUTION<br \/><\/b><b>R\u00e9alisation et interpr\u00e9tation<\/b> : Liane MASSON et Am\u00e9lie HAGUET<br \/><b>Regard ext\u00e9rieur :<\/b> Claudio VEGA<\/p><p><strong>Coproduction :<\/strong> Compagnie La Tangente<\/p>\t\t\t\t\t\t\t\t<\/div>\n\t\t\t\t<\/div>\n\t\t\t\t<\/div>\n\t\t\t\t<\/div>\n\t\t\t\t<\/div>\n\t\t\t\t<\/div>\n\t\t<div class=\"elementor-element elementor-element-893ab2b e-con-full e-flex e-con e-child\" data-id=\"893ab2b\" data-element_type=\"container\">\n\t\t\t\t<div class=\"elementor-element elementor-element-db758f8 elementor-widget elementor-widget-video\" data-id=\"db758f8\" data-element_type=\"widget\" data-settings=\"{&quot;youtube_url&quot;:&quot;https:\\\/\\\/youtu.be\\\/hGw3fD8Yedc?si=mf2ZuFcbxyT5Mf9f&quot;,&quot;video_type&quot;:&quot;youtube&quot;,&quot;controls&quot;:&quot;yes&quot;}\" data-widget_type=\"video.default\">\n\t\t\t\t<div class=\"elementor-widget-container\">\n\t\t\t\t\t\t\t<div class=\"elementor-wrapper elementor-open-inline\">\n\t\t\t<div class=\"elementor-video\"><\/div>\t\t<\/div>\n\t\t\t\t\t\t<\/div>\n\t\t\t\t<\/div>\n\t\t\t\t<\/div>\n\t\t<div class=\"elementor-element elementor-element-ca71638 e-con-full e-flex e-con e-child\" data-id=\"ca71638\" data-element_type=\"container\">\n\t\t\t\t<div class=\"elementor-element elementor-element-4b8adfa elementor-arrows-position-inside elementor-pagination-position-outside elementor-widget elementor-widget-image-carousel\" data-id=\"4b8adfa\" data-element_type=\"widget\" data-settings=\"{&quot;navigation&quot;:&quot;both&quot;,&quot;autoplay&quot;:&quot;yes&quot;,&quot;pause_on_hover&quot;:&quot;yes&quot;,&quot;pause_on_interaction&quot;:&quot;yes&quot;,&quot;autoplay_speed&quot;:5000,&quot;infinite&quot;:&quot;yes&quot;,&quot;speed&quot;:500}\" data-widget_type=\"image-carousel.default\">\n\t\t\t\t<div class=\"elementor-widget-container\">\n\t\t\t\t\t\t\t<div class=\"elementor-image-carousel-wrapper swiper\" role=\"region\" aria-roledescription=\"carousel\" aria-label=\"Carrousel d\u2019images\" dir=\"ltr\">\n\t\t\t<div class=\"elementor-image-carousel swiper-wrapper\" aria-live=\"off\">\n\t\t\t\t\t\t\t\t<div class=\"swiper-slide\" role=\"group\" aria-roledescription=\"slide\" aria-label=\"1 sur 9\"><figure class=\"swiper-slide-inner\"><img decoding=\"async\" class=\"swiper-slide-image\" src=\"https:\/\/lagrainebleue.fr\/wp-content\/uploads\/2025\/03\/HautComme3Pommes.12-1-1024x576.jpg\" alt=\"HautComme3Pommes.12\" \/><\/figure><\/div><div class=\"swiper-slide\" role=\"group\" aria-roledescription=\"slide\" aria-label=\"2 sur 9\"><figure class=\"swiper-slide-inner\"><img decoding=\"async\" class=\"swiper-slide-image\" src=\"https:\/\/lagrainebleue.fr\/wp-content\/uploads\/2025\/03\/HautComme3Pommes.09-1024x576.jpg\" alt=\"HautComme3Pommes.09\" \/><\/figure><\/div><div class=\"swiper-slide\" role=\"group\" aria-roledescription=\"slide\" aria-label=\"3 sur 9\"><figure class=\"swiper-slide-inner\"><img decoding=\"async\" class=\"swiper-slide-image\" src=\"https:\/\/lagrainebleue.fr\/wp-content\/uploads\/2025\/03\/HautComme3Pommes.05-1024x576.jpg\" alt=\"HautComme3Pommes.05\" \/><\/figure><\/div><div class=\"swiper-slide\" role=\"group\" aria-roledescription=\"slide\" aria-label=\"4 sur 9\"><figure class=\"swiper-slide-inner\"><img decoding=\"async\" class=\"swiper-slide-image\" src=\"https:\/\/lagrainebleue.fr\/wp-content\/uploads\/2025\/03\/HautComme3Pommes.02-1024x574.jpg\" alt=\"HautComme3Pommes.02\" \/><\/figure><\/div><div class=\"swiper-slide\" role=\"group\" aria-roledescription=\"slide\" aria-label=\"5 sur 9\"><figure class=\"swiper-slide-inner\"><img decoding=\"async\" class=\"swiper-slide-image\" src=\"https:\/\/lagrainebleue.fr\/wp-content\/uploads\/2025\/03\/HautComme3Pommes.03-1024x576.jpg\" alt=\"HautComme3Pommes.03\" \/><\/figure><\/div><div class=\"swiper-slide\" role=\"group\" aria-roledescription=\"slide\" aria-label=\"6 sur 9\"><figure class=\"swiper-slide-inner\"><img decoding=\"async\" class=\"swiper-slide-image\" src=\"https:\/\/lagrainebleue.fr\/wp-content\/uploads\/2025\/03\/HautComme3Pommes.06-1024x576.jpg\" alt=\"HautComme3Pommes.06\" \/><\/figure><\/div><div class=\"swiper-slide\" role=\"group\" aria-roledescription=\"slide\" aria-label=\"7 sur 9\"><figure class=\"swiper-slide-inner\"><img decoding=\"async\" class=\"swiper-slide-image\" src=\"https:\/\/lagrainebleue.fr\/wp-content\/uploads\/2025\/03\/HautComme3Pommes.11-1024x576.jpg\" alt=\"HautComme3Pommes.11\" \/><\/figure><\/div><div class=\"swiper-slide\" role=\"group\" aria-roledescription=\"slide\" aria-label=\"8 sur 9\"><figure class=\"swiper-slide-inner\"><img decoding=\"async\" class=\"swiper-slide-image\" src=\"https:\/\/lagrainebleue.fr\/wp-content\/uploads\/2025\/03\/HautComme3Pommes.10-1024x576.jpg\" alt=\"HautComme3Pommes.10\" \/><\/figure><\/div><div class=\"swiper-slide\" role=\"group\" aria-roledescription=\"slide\" aria-label=\"9 sur 9\"><figure class=\"swiper-slide-inner\"><img decoding=\"async\" class=\"swiper-slide-image\" src=\"https:\/\/lagrainebleue.fr\/wp-content\/uploads\/2025\/03\/HautComme3Pommes.01-1024x576.jpg\" alt=\"HautComme3Pommes.01\" \/><\/figure><\/div>\t\t\t<\/div>\n\t\t\t\t\t\t\t\t\t\t\t\t<div class=\"elementor-swiper-button elementor-swiper-button-prev\" role=\"button\" tabindex=\"0\">\n\t\t\t\t\t\t<svg aria-hidden=\"true\" class=\"e-font-icon-svg e-eicon-chevron-left\" viewBox=\"0 0 1000 1000\" xmlns=\"http:\/\/www.w3.org\/2000\/svg\"><path d=\"M646 125C629 125 613 133 604 142L308 442C296 454 292 471 292 487 292 504 296 521 308 533L604 854C617 867 629 875 646 875 663 875 679 871 692 858 704 846 713 829 713 812 713 796 708 779 692 767L438 487 692 225C700 217 708 204 708 187 708 171 704 154 692 142 675 129 663 125 646 125Z\"><\/path><\/svg>\t\t\t\t\t<\/div>\n\t\t\t\t\t<div class=\"elementor-swiper-button elementor-swiper-button-next\" role=\"button\" tabindex=\"0\">\n\t\t\t\t\t\t<svg aria-hidden=\"true\" class=\"e-font-icon-svg e-eicon-chevron-right\" viewBox=\"0 0 1000 1000\" xmlns=\"http:\/\/www.w3.org\/2000\/svg\"><path d=\"M696 533C708 521 713 504 713 487 713 471 708 454 696 446L400 146C388 133 375 125 354 125 338 125 325 129 313 142 300 154 292 171 292 187 292 204 296 221 308 233L563 492 304 771C292 783 288 800 288 817 288 833 296 850 308 863 321 871 338 875 354 875 371 875 388 867 400 854L696 533Z\"><\/path><\/svg>\t\t\t\t\t<\/div>\n\t\t\t\t\n\t\t\t\t\t\t\t\t\t<div class=\"swiper-pagination\"><\/div>\n\t\t\t\t\t\t\t\t\t<\/div>\n\t\t\t\t\t\t<\/div>\n\t\t\t\t<\/div>\n\t\t\t\t<\/div>\n\t\t\t\t\t<\/div>\n\t\t\t\t<\/div>\n\t\t\t\t<\/div>\n\t\t","protected":false},"excerpt":{"rendered":"<p>Haut comme 3 pommes Pour le tr\u00e8s jeune public, de la naissance \u00e0 5 ans. Dossier de pr\u00e9sentation Haut comme 3 pommes\u00a0est un spectacle visuel et po\u00e9tique, ponctu\u00e9 de langue des signes, qui aborde la question de\u00a0la diff\u00e9rence. \u00ab\u00a0A quoi ressemble le monde, vu \u00e0 hauteur des yeux d\u2019un petit enfant ?Dans\u00a0Haut comme 3 pommes, une com\u00e9dienne-signeuse et une danseuse s\u2019emparent de cette question.Sur le&hellip; <\/p>\n","protected":false},"author":1,"featured_media":0,"parent":0,"menu_order":0,"comment_status":"closed","ping_status":"closed","template":"elementor_header_footer","meta":{"footnotes":""},"class_list":["post-281","page","type-page","status-publish","hentry","clearfix"],"yoast_head":"<!-- This site is optimized with the Yoast SEO plugin v26.4 - https:\/\/yoast.com\/wordpress\/plugins\/seo\/ -->\n<title>HC3P_non - Compagnie La Graine Bleue<\/title>\n<meta name=\"description\" content=\"Haut comme 3 pommes\u00a0est un spectacle visuel et po\u00e9tique pour la petite enfance, de la naissance \u00e0 5 ans, ponctu\u00e9 de langue des signes, qui aborde la question de\u00a0la diff\u00e9rence.\" \/>\n<meta name=\"robots\" content=\"index, follow, max-snippet:-1, max-image-preview:large, max-video-preview:-1\" \/>\n<link rel=\"canonical\" href=\"https:\/\/lagrainebleue.fr\/index.php\/hc3p-non\/\" \/>\n<meta property=\"og:locale\" content=\"fr_FR\" \/>\n<meta property=\"og:type\" content=\"article\" \/>\n<meta property=\"og:title\" content=\"HC3P_non - Compagnie La Graine Bleue\" \/>\n<meta property=\"og:description\" content=\"Haut comme 3 pommes\u00a0est un spectacle visuel et po\u00e9tique pour la petite enfance, de la naissance \u00e0 5 ans, ponctu\u00e9 de langue des signes, qui aborde la question de\u00a0la diff\u00e9rence.\" \/>\n<meta property=\"og:url\" content=\"https:\/\/lagrainebleue.fr\/index.php\/hc3p-non\/\" \/>\n<meta property=\"og:site_name\" content=\"Compagnie La Graine Bleue\" \/>\n<meta property=\"article:modified_time\" content=\"2025-04-08T14:14:14+00:00\" \/>\n<meta property=\"og:image\" content=\"http:\/\/lagrainebleue.fr\/wp-content\/uploads\/2025\/03\/Affiche-HC3P-Visuel_BlcX80.jpg\" \/>\n<meta name=\"twitter:card\" content=\"summary_large_image\" \/>\n<meta name=\"twitter:label1\" content=\"Dur\u00e9e de lecture estim\u00e9e\" \/>\n\t<meta name=\"twitter:data1\" content=\"3 minutes\" \/>\n<script type=\"application\/ld+json\" class=\"yoast-schema-graph\">{\"@context\":\"https:\/\/schema.org\",\"@graph\":[{\"@type\":\"WebPage\",\"@id\":\"https:\/\/lagrainebleue.fr\/index.php\/hc3p-non\/\",\"url\":\"https:\/\/lagrainebleue.fr\/index.php\/hc3p-non\/\",\"name\":\"HC3P_non - Compagnie La Graine Bleue\",\"isPartOf\":{\"@id\":\"http:\/\/lagrainebleue.fr\/#website\"},\"primaryImageOfPage\":{\"@id\":\"https:\/\/lagrainebleue.fr\/index.php\/hc3p-non\/#primaryimage\"},\"image\":{\"@id\":\"https:\/\/lagrainebleue.fr\/index.php\/hc3p-non\/#primaryimage\"},\"thumbnailUrl\":\"http:\/\/lagrainebleue.fr\/wp-content\/uploads\/2025\/03\/Affiche-HC3P-Visuel_BlcX80.jpg\",\"datePublished\":\"2025-03-14T14:25:57+00:00\",\"dateModified\":\"2025-04-08T14:14:14+00:00\",\"description\":\"Haut comme 3 pommes\u00a0est un spectacle visuel et po\u00e9tique pour la petite enfance, de la naissance \u00e0 5 ans, ponctu\u00e9 de langue des signes, qui aborde la question de\u00a0la diff\u00e9rence.\",\"breadcrumb\":{\"@id\":\"https:\/\/lagrainebleue.fr\/index.php\/hc3p-non\/#breadcrumb\"},\"inLanguage\":\"fr-FR\",\"potentialAction\":[{\"@type\":\"ReadAction\",\"target\":[\"https:\/\/lagrainebleue.fr\/index.php\/hc3p-non\/\"]}]},{\"@type\":\"ImageObject\",\"inLanguage\":\"fr-FR\",\"@id\":\"https:\/\/lagrainebleue.fr\/index.php\/hc3p-non\/#primaryimage\",\"url\":\"http:\/\/lagrainebleue.fr\/wp-content\/uploads\/2025\/03\/Affiche-HC3P-Visuel_BlcX80.jpg\",\"contentUrl\":\"http:\/\/lagrainebleue.fr\/wp-content\/uploads\/2025\/03\/Affiche-HC3P-Visuel_BlcX80.jpg\"},{\"@type\":\"BreadcrumbList\",\"@id\":\"https:\/\/lagrainebleue.fr\/index.php\/hc3p-non\/#breadcrumb\",\"itemListElement\":[{\"@type\":\"ListItem\",\"position\":1,\"name\":\"Accueil\",\"item\":\"http:\/\/lagrainebleue.fr\/\"},{\"@type\":\"ListItem\",\"position\":2,\"name\":\"HC3P_non\"}]},{\"@type\":\"WebSite\",\"@id\":\"http:\/\/lagrainebleue.fr\/#website\",\"url\":\"http:\/\/lagrainebleue.fr\/\",\"name\":\"Compagnie La Graine Bleue\",\"description\":\"Th\u00e9\u00e2tre &amp; LSF ....................... &gt;&gt; Site en construction\",\"potentialAction\":[{\"@type\":\"SearchAction\",\"target\":{\"@type\":\"EntryPoint\",\"urlTemplate\":\"http:\/\/lagrainebleue.fr\/?s={search_term_string}\"},\"query-input\":{\"@type\":\"PropertyValueSpecification\",\"valueRequired\":true,\"valueName\":\"search_term_string\"}}],\"inLanguage\":\"fr-FR\"}]}<\/script>\n<!-- \/ Yoast SEO plugin. -->","yoast_head_json":{"title":"HC3P_non - Compagnie La Graine Bleue","description":"Haut comme 3 pommes\u00a0est un spectacle visuel et po\u00e9tique pour la petite enfance, de la naissance \u00e0 5 ans, ponctu\u00e9 de langue des signes, qui aborde la question de\u00a0la diff\u00e9rence.","robots":{"index":"index","follow":"follow","max-snippet":"max-snippet:-1","max-image-preview":"max-image-preview:large","max-video-preview":"max-video-preview:-1"},"canonical":"https:\/\/lagrainebleue.fr\/index.php\/hc3p-non\/","og_locale":"fr_FR","og_type":"article","og_title":"HC3P_non - Compagnie La Graine Bleue","og_description":"Haut comme 3 pommes\u00a0est un spectacle visuel et po\u00e9tique pour la petite enfance, de la naissance \u00e0 5 ans, ponctu\u00e9 de langue des signes, qui aborde la question de\u00a0la diff\u00e9rence.","og_url":"https:\/\/lagrainebleue.fr\/index.php\/hc3p-non\/","og_site_name":"Compagnie La Graine Bleue","article_modified_time":"2025-04-08T14:14:14+00:00","og_image":[{"url":"http:\/\/lagrainebleue.fr\/wp-content\/uploads\/2025\/03\/Affiche-HC3P-Visuel_BlcX80.jpg","type":"","width":"","height":""}],"twitter_card":"summary_large_image","twitter_misc":{"Dur\u00e9e de lecture estim\u00e9e":"3 minutes"},"schema":{"@context":"https:\/\/schema.org","@graph":[{"@type":"WebPage","@id":"https:\/\/lagrainebleue.fr\/index.php\/hc3p-non\/","url":"https:\/\/lagrainebleue.fr\/index.php\/hc3p-non\/","name":"HC3P_non - Compagnie La Graine Bleue","isPartOf":{"@id":"http:\/\/lagrainebleue.fr\/#website"},"primaryImageOfPage":{"@id":"https:\/\/lagrainebleue.fr\/index.php\/hc3p-non\/#primaryimage"},"image":{"@id":"https:\/\/lagrainebleue.fr\/index.php\/hc3p-non\/#primaryimage"},"thumbnailUrl":"http:\/\/lagrainebleue.fr\/wp-content\/uploads\/2025\/03\/Affiche-HC3P-Visuel_BlcX80.jpg","datePublished":"2025-03-14T14:25:57+00:00","dateModified":"2025-04-08T14:14:14+00:00","description":"Haut comme 3 pommes\u00a0est un spectacle visuel et po\u00e9tique pour la petite enfance, de la naissance \u00e0 5 ans, ponctu\u00e9 de langue des signes, qui aborde la question de\u00a0la diff\u00e9rence.","breadcrumb":{"@id":"https:\/\/lagrainebleue.fr\/index.php\/hc3p-non\/#breadcrumb"},"inLanguage":"fr-FR","potentialAction":[{"@type":"ReadAction","target":["https:\/\/lagrainebleue.fr\/index.php\/hc3p-non\/"]}]},{"@type":"ImageObject","inLanguage":"fr-FR","@id":"https:\/\/lagrainebleue.fr\/index.php\/hc3p-non\/#primaryimage","url":"http:\/\/lagrainebleue.fr\/wp-content\/uploads\/2025\/03\/Affiche-HC3P-Visuel_BlcX80.jpg","contentUrl":"http:\/\/lagrainebleue.fr\/wp-content\/uploads\/2025\/03\/Affiche-HC3P-Visuel_BlcX80.jpg"},{"@type":"BreadcrumbList","@id":"https:\/\/lagrainebleue.fr\/index.php\/hc3p-non\/#breadcrumb","itemListElement":[{"@type":"ListItem","position":1,"name":"Accueil","item":"http:\/\/lagrainebleue.fr\/"},{"@type":"ListItem","position":2,"name":"HC3P_non"}]},{"@type":"WebSite","@id":"http:\/\/lagrainebleue.fr\/#website","url":"http:\/\/lagrainebleue.fr\/","name":"Compagnie La Graine Bleue","description":"Th\u00e9\u00e2tre &amp; LSF ....................... &gt;&gt; Site en construction","potentialAction":[{"@type":"SearchAction","target":{"@type":"EntryPoint","urlTemplate":"http:\/\/lagrainebleue.fr\/?s={search_term_string}"},"query-input":{"@type":"PropertyValueSpecification","valueRequired":true,"valueName":"search_term_string"}}],"inLanguage":"fr-FR"}]}},"_links":{"self":[{"href":"http:\/\/lagrainebleue.fr\/index.php\/wp-json\/wp\/v2\/pages\/281","targetHints":{"allow":["GET"]}}],"collection":[{"href":"http:\/\/lagrainebleue.fr\/index.php\/wp-json\/wp\/v2\/pages"}],"about":[{"href":"http:\/\/lagrainebleue.fr\/index.php\/wp-json\/wp\/v2\/types\/page"}],"author":[{"embeddable":true,"href":"http:\/\/lagrainebleue.fr\/index.php\/wp-json\/wp\/v2\/users\/1"}],"replies":[{"embeddable":true,"href":"http:\/\/lagrainebleue.fr\/index.php\/wp-json\/wp\/v2\/comments?post=281"}],"version-history":[{"count":85,"href":"http:\/\/lagrainebleue.fr\/index.php\/wp-json\/wp\/v2\/pages\/281\/revisions"}],"predecessor-version":[{"id":579,"href":"http:\/\/lagrainebleue.fr\/index.php\/wp-json\/wp\/v2\/pages\/281\/revisions\/579"}],"wp:attachment":[{"href":"http:\/\/lagrainebleue.fr\/index.php\/wp-json\/wp\/v2\/media?parent=281"}],"curies":[{"name":"wp","href":"https:\/\/api.w.org\/{rel}","templated":true}]}}