{"id":547,"date":"2025-04-08T15:32:58","date_gmt":"2025-04-08T13:32:58","guid":{"rendered":"https:\/\/lagrainebleue.fr\/?page_id=547"},"modified":"2025-04-14T11:30:12","modified_gmt":"2025-04-14T09:30:12","slug":"contes-du-bout-des-doigts","status":"publish","type":"page","link":"https:\/\/lagrainebleue.fr\/index.php\/contes-du-bout-des-doigts\/","title":{"rendered":"Contes du bout des doigts"},"content":{"rendered":"\t\t<div data-elementor-type=\"wp-page\" data-elementor-id=\"547\" class=\"elementor elementor-547\">\n\t\t\t\t<div class=\"elementor-element elementor-element-29ee4b03 e-flex e-con-boxed e-con e-parent\" data-id=\"29ee4b03\" data-element_type=\"container\">\n\t\t\t\t\t<div class=\"e-con-inner\">\n\t\t<div class=\"elementor-element elementor-element-35c4ee67 e-flex e-con-boxed e-con e-child\" data-id=\"35c4ee67\" data-element_type=\"container\">\n\t\t\t\t\t<div class=\"e-con-inner\">\n\t\t<div class=\"elementor-element elementor-element-2398160 e-grid e-con-full e-con e-child\" data-id=\"2398160\" data-element_type=\"container\">\n\t\t\t\t<div class=\"elementor-element elementor-element-5e8ba8c9 elementor-widget elementor-widget-heading\" data-id=\"5e8ba8c9\" data-element_type=\"widget\" data-widget_type=\"heading.default\">\n\t\t\t\t<div class=\"elementor-widget-container\">\n\t\t\t\t\t<h2 class=\"elementor-heading-title elementor-size-default\">Contes du bout des doigts*<\/h2>\t\t\t\t<\/div>\n\t\t\t\t<\/div>\n\t\t\t\t<div class=\"elementor-element elementor-element-5415c0c0 elementor-widget elementor-widget-text-editor\" data-id=\"5415c0c0\" data-element_type=\"widget\" data-widget_type=\"text-editor.default\">\n\t\t\t\t<div class=\"elementor-widget-container\">\n\t\t\t\t\t\t\t\t\t<p><i>*Titre provisoire<\/i><br \/>\u00e0 partir de 4 ans<\/p>\t\t\t\t\t\t\t\t<\/div>\n\t\t\t\t<\/div>\n\t\t\t\t<\/div>\n\t\t\t\t\t<\/div>\n\t\t\t\t<\/div>\n\t\t<div class=\"elementor-element elementor-element-2ddeb531 e-flex e-con-boxed e-con e-child\" data-id=\"2ddeb531\" data-element_type=\"container\">\n\t\t\t\t\t<div class=\"e-con-inner\">\n\t\t<div class=\"elementor-element elementor-element-5b221a7e e-grid e-con-full e-con e-child\" data-id=\"5b221a7e\" data-element_type=\"container\">\n\t\t\t\t<div class=\"elementor-element elementor-element-6b2eb8c9 elementor-widget elementor-widget-text-editor\" data-id=\"6b2eb8c9\" data-element_type=\"widget\" data-widget_type=\"text-editor.default\">\n\t\t\t\t<div class=\"elementor-widget-container\">\n\t\t\t\t\t\t\t\t\t<p><em>(En cours de r\u00e9\u00e9criture)<\/em><\/p><p><em>Un personnage nous entra\u00eene \u00e0 travers le flot de ses pens\u00e9es. Une introspection qui nous fait nous questionner sur qui nous sommes et sur le regard que l\u2019on porte aux autres.<\/em><\/p><p><em>Une exploration visuelle, po\u00e9tique et sonore, soulign\u00e9e de la langue des signes.<\/em><\/p><p><em>Quand vivre et grandir n\u00e9cessite de prendre le temps de s\u2019arr\u00eater, de contempler et de se questionner.<\/em><\/p>\t\t\t\t\t\t\t\t<\/div>\n\t\t\t\t<\/div>\n\t\t<div class=\"elementor-element elementor-element-33a01d1d e-grid e-con-full e-con e-child\" data-id=\"33a01d1d\" data-element_type=\"container\">\n\t\t\t\t<div class=\"elementor-element elementor-element-64d2fe72 elementor-view-default elementor-position-top elementor-mobile-position-top elementor-widget elementor-widget-icon-box\" data-id=\"64d2fe72\" data-element_type=\"widget\" data-widget_type=\"icon-box.default\">\n\t\t\t\t<div class=\"elementor-widget-container\">\n\t\t\t\t\t\t\t<div class=\"elementor-icon-box-wrapper\">\n\n\t\t\t\t\t\t<div class=\"elementor-icon-box-icon\">\n\t\t\t\t<a href=\"#\" target=\"_blank\" class=\"elementor-icon\" tabindex=\"-1\" aria-label=\"Dossier de pr\u00e9sentation\">\n\t\t\t\t<svg aria-hidden=\"true\" class=\"e-font-icon-svg e-fas-file-pdf\" viewBox=\"0 0 384 512\" xmlns=\"http:\/\/www.w3.org\/2000\/svg\"><path d=\"M181.9 256.1c-5-16-4.9-46.9-2-46.9 8.4 0 7.6 36.9 2 46.9zm-1.7 47.2c-7.7 20.2-17.3 43.3-28.4 62.7 18.3-7 39-17.2 62.9-21.9-12.7-9.6-24.9-23.4-34.5-40.8zM86.1 428.1c0 .8 13.2-5.4 34.9-40.2-6.7 6.3-29.1 24.5-34.9 40.2zM248 160h136v328c0 13.3-10.7 24-24 24H24c-13.3 0-24-10.7-24-24V24C0 10.7 10.7 0 24 0h200v136c0 13.2 10.8 24 24 24zm-8 171.8c-20-12.2-33.3-29-42.7-53.8 4.5-18.5 11.6-46.6 6.2-64.2-4.7-29.4-42.4-26.5-47.8-6.8-5 18.3-.4 44.1 8.1 77-11.6 27.6-28.7 64.6-40.8 85.8-.1 0-.1.1-.2.1-27.1 13.9-73.6 44.5-54.5 68 5.6 6.9 16 10 21.5 10 17.9 0 35.7-18 61.1-61.8 25.8-8.5 54.1-19.1 79-23.2 21.7 11.8 47.1 19.5 64 19.5 29.2 0 31.2-32 19.7-43.4-13.9-13.6-54.3-9.7-73.6-7.2zM377 105L279 7c-4.5-4.5-10.6-7-17-7h-6v128h128v-6.1c0-6.3-2.5-12.4-7-16.9zm-74.1 255.3c4.1-2.7-2.5-11.9-42.8-9 37.1 15.8 42.8 9 42.8 9z\"><\/path><\/svg>\t\t\t\t<\/a>\n\t\t\t<\/div>\n\t\t\t\n\t\t\t\t\t\t<div class=\"elementor-icon-box-content\">\n\n\t\t\t\t\t\t\t\t\t<div class=\"elementor-icon-box-title\">\n\t\t\t\t\t\t<a href=\"#\" target=\"_blank\" >\n\t\t\t\t\t\t\tDossier de pr\u00e9sentation\t\t\t\t\t\t<\/a>\n\t\t\t\t\t<\/div>\n\t\t\t\t\n\t\t\t\t\n\t\t\t<\/div>\n\t\t\t\n\t\t<\/div>\n\t\t\t\t\t\t<\/div>\n\t\t\t\t<\/div>\n\t\t\t\t<div class=\"elementor-element elementor-element-3efda0f elementor-widget elementor-widget-text-editor\" data-id=\"3efda0f\" data-element_type=\"widget\" data-widget_type=\"text-editor.default\">\n\t\t\t\t<div class=\"elementor-widget-container\">\n\t\t\t\t\t\t\t\t\t<p>DISTRIBUTION<br \/><span style=\"font-size: 15px; color: var( --e-global-color-text );\">Ecriture, sc\u00e9nographie et interpr\u00e9tation : Am\u00e9lie Haguet<br \/><\/span><span style=\"color: var( --e-global-color-text ); font-family: Roboto, sans-serif; font-size: 15px; font-style: normal; font-weight: 400;\">Regard ext\u00e9rieur : Christ\u00e8le Gu\u00e9ry<\/span><\/p>\t\t\t\t\t\t\t\t<\/div>\n\t\t\t\t<\/div>\n\t\t\t\t<\/div>\n\t\t\t\t<\/div>\n\t\t\t\t\t<\/div>\n\t\t\t\t<\/div>\n\t\t<div class=\"elementor-element elementor-element-4ec44537 e-flex e-con-boxed e-con e-child\" data-id=\"4ec44537\" data-element_type=\"container\">\n\t\t\t\t\t<div class=\"e-con-inner\">\n\t\t\t\t<div class=\"elementor-element elementor-element-5f5bfee1 elementor-arrows-position-inside elementor-pagination-position-outside elementor-widget elementor-widget-image-carousel\" data-id=\"5f5bfee1\" data-element_type=\"widget\" data-settings=\"{&quot;slides_to_show&quot;:&quot;2&quot;,&quot;navigation&quot;:&quot;both&quot;,&quot;autoplay&quot;:&quot;yes&quot;,&quot;pause_on_hover&quot;:&quot;yes&quot;,&quot;pause_on_interaction&quot;:&quot;yes&quot;,&quot;autoplay_speed&quot;:5000,&quot;infinite&quot;:&quot;yes&quot;,&quot;speed&quot;:500}\" data-widget_type=\"image-carousel.default\">\n\t\t\t\t<div class=\"elementor-widget-container\">\n\t\t\t\t\t\t\t<div class=\"elementor-image-carousel-wrapper swiper\" role=\"region\" aria-roledescription=\"carousel\" aria-label=\"Carrousel d\u2019images\" dir=\"ltr\">\n\t\t\t<div class=\"elementor-image-carousel swiper-wrapper\" aria-live=\"off\">\n\t\t\t\t\t\t\t\t<div class=\"swiper-slide\" role=\"group\" aria-roledescription=\"slide\" aria-label=\"1 sur 5\"><figure class=\"swiper-slide-inner\"><img decoding=\"async\" class=\"swiper-slide-image\" src=\"https:\/\/lagrainebleue.fr\/wp-content\/uploads\/2025\/03\/CDBDD-04.jpg\" alt=\"CDBDD-04\" \/><\/figure><\/div><div class=\"swiper-slide\" role=\"group\" aria-roledescription=\"slide\" aria-label=\"2 sur 5\"><figure class=\"swiper-slide-inner\"><img decoding=\"async\" class=\"swiper-slide-image\" src=\"https:\/\/lagrainebleue.fr\/wp-content\/uploads\/2025\/03\/CDBDD-03.jpg\" alt=\"CDBDD-03\" \/><\/figure><\/div><div class=\"swiper-slide\" role=\"group\" aria-roledescription=\"slide\" aria-label=\"3 sur 5\"><figure class=\"swiper-slide-inner\"><img decoding=\"async\" class=\"swiper-slide-image\" src=\"https:\/\/lagrainebleue.fr\/wp-content\/uploads\/2025\/03\/CDBDD_01.jpg\" alt=\"CDBDD_01\" \/><\/figure><\/div><div class=\"swiper-slide\" role=\"group\" aria-roledescription=\"slide\" aria-label=\"4 sur 5\"><figure class=\"swiper-slide-inner\"><img decoding=\"async\" class=\"swiper-slide-image\" src=\"https:\/\/lagrainebleue.fr\/wp-content\/uploads\/2025\/03\/04-1024x979.jpg\" alt=\"04\" \/><\/figure><\/div><div class=\"swiper-slide\" role=\"group\" aria-roledescription=\"slide\" aria-label=\"5 sur 5\"><figure class=\"swiper-slide-inner\"><img decoding=\"async\" class=\"swiper-slide-image\" src=\"https:\/\/lagrainebleue.fr\/wp-content\/uploads\/2025\/03\/278081184_5028929547193197_7060846478480418915_n-1024x538.jpg\" alt=\"278081184_5028929547193197_7060846478480418915_n\" \/><\/figure><\/div>\t\t\t<\/div>\n\t\t\t\t\t\t\t\t\t\t\t\t<div class=\"elementor-swiper-button elementor-swiper-button-prev\" role=\"button\" tabindex=\"0\">\n\t\t\t\t\t\t<svg aria-hidden=\"true\" class=\"e-font-icon-svg e-eicon-chevron-left\" viewBox=\"0 0 1000 1000\" xmlns=\"http:\/\/www.w3.org\/2000\/svg\"><path d=\"M646 125C629 125 613 133 604 142L308 442C296 454 292 471 292 487 292 504 296 521 308 533L604 854C617 867 629 875 646 875 663 875 679 871 692 858 704 846 713 829 713 812 713 796 708 779 692 767L438 487 692 225C700 217 708 204 708 187 708 171 704 154 692 142 675 129 663 125 646 125Z\"><\/path><\/svg>\t\t\t\t\t<\/div>\n\t\t\t\t\t<div class=\"elementor-swiper-button elementor-swiper-button-next\" role=\"button\" tabindex=\"0\">\n\t\t\t\t\t\t<svg aria-hidden=\"true\" class=\"e-font-icon-svg e-eicon-chevron-right\" viewBox=\"0 0 1000 1000\" xmlns=\"http:\/\/www.w3.org\/2000\/svg\"><path d=\"M696 533C708 521 713 504 713 487 713 471 708 454 696 446L400 146C388 133 375 125 354 125 338 125 325 129 313 142 300 154 292 171 292 187 292 204 296 221 308 233L563 492 304 771C292 783 288 800 288 817 288 833 296 850 308 863 321 871 338 875 354 875 371 875 388 867 400 854L696 533Z\"><\/path><\/svg>\t\t\t\t\t<\/div>\n\t\t\t\t\n\t\t\t\t\t\t\t\t\t<div class=\"swiper-pagination\"><\/div>\n\t\t\t\t\t\t\t\t\t<\/div>\n\t\t\t\t\t\t<\/div>\n\t\t\t\t<\/div>\n\t\t\t\t\t<\/div>\n\t\t\t\t<\/div>\n\t\t\t\t\t<\/div>\n\t\t\t\t<\/div>\n\t\t\t\t<\/div>\n\t\t","protected":false},"excerpt":{"rendered":"<p>Contes du bout des doigts* *Titre provisoire\u00e0 partir de 4 ans (En cours de r\u00e9\u00e9criture) Un personnage nous entra\u00eene \u00e0 travers le flot de ses pens\u00e9es. Une introspection qui nous fait nous questionner sur qui nous sommes et sur le regard que l\u2019on porte aux autres. Une exploration visuelle, po\u00e9tique et sonore, soulign\u00e9e de la langue des signes. Quand vivre et grandir n\u00e9cessite de prendre&hellip; <\/p>\n","protected":false},"author":1,"featured_media":0,"parent":0,"menu_order":0,"comment_status":"closed","ping_status":"closed","template":"","meta":{"footnotes":""},"class_list":["post-547","page","type-page","status-publish","hentry","clearfix"],"yoast_head":"<!-- This site is optimized with the Yoast SEO plugin v26.4 - https:\/\/yoast.com\/wordpress\/plugins\/seo\/ -->\n<title>Contes du bout des doigts - Compagnie La Graine Bleue<\/title>\n<meta name=\"robots\" content=\"index, follow, max-snippet:-1, max-image-preview:large, max-video-preview:-1\" \/>\n<link rel=\"canonical\" href=\"https:\/\/lagrainebleue.fr\/index.php\/contes-du-bout-des-doigts\/\" \/>\n<meta property=\"og:locale\" content=\"fr_FR\" \/>\n<meta property=\"og:type\" content=\"article\" \/>\n<meta property=\"og:title\" content=\"Contes du bout des doigts - Compagnie La Graine Bleue\" \/>\n<meta property=\"og:description\" content=\"Contes du bout des doigts* *Titre provisoire\u00e0 partir de 4 ans (En cours de r\u00e9\u00e9criture) Un personnage nous entra\u00eene \u00e0 travers le flot de ses pens\u00e9es. Une introspection qui nous fait nous questionner sur qui nous sommes et sur le regard que l\u2019on porte aux autres. Une exploration visuelle, po\u00e9tique et sonore, soulign\u00e9e de la langue des signes. Quand vivre et grandir n\u00e9cessite de prendre&hellip;\" \/>\n<meta property=\"og:url\" content=\"https:\/\/lagrainebleue.fr\/index.php\/contes-du-bout-des-doigts\/\" \/>\n<meta property=\"og:site_name\" content=\"Compagnie La Graine Bleue\" \/>\n<meta property=\"article:modified_time\" content=\"2025-04-14T09:30:12+00:00\" \/>\n<meta property=\"og:image\" content=\"http:\/\/lagrainebleue.fr\/wp-content\/uploads\/2025\/03\/CDBDD-04.jpg\" \/>\n<meta name=\"twitter:card\" content=\"summary_large_image\" \/>\n<meta name=\"twitter:label1\" content=\"Dur\u00e9e de lecture estim\u00e9e\" \/>\n\t<meta name=\"twitter:data1\" content=\"1 minute\" \/>\n<script type=\"application\/ld+json\" class=\"yoast-schema-graph\">{\"@context\":\"https:\/\/schema.org\",\"@graph\":[{\"@type\":\"WebPage\",\"@id\":\"https:\/\/lagrainebleue.fr\/index.php\/contes-du-bout-des-doigts\/\",\"url\":\"https:\/\/lagrainebleue.fr\/index.php\/contes-du-bout-des-doigts\/\",\"name\":\"Contes du bout des doigts - Compagnie La Graine Bleue\",\"isPartOf\":{\"@id\":\"https:\/\/lagrainebleue.fr\/#website\"},\"primaryImageOfPage\":{\"@id\":\"https:\/\/lagrainebleue.fr\/index.php\/contes-du-bout-des-doigts\/#primaryimage\"},\"image\":{\"@id\":\"https:\/\/lagrainebleue.fr\/index.php\/contes-du-bout-des-doigts\/#primaryimage\"},\"thumbnailUrl\":\"http:\/\/lagrainebleue.fr\/wp-content\/uploads\/2025\/03\/CDBDD-04.jpg\",\"datePublished\":\"2025-04-08T13:32:58+00:00\",\"dateModified\":\"2025-04-14T09:30:12+00:00\",\"breadcrumb\":{\"@id\":\"https:\/\/lagrainebleue.fr\/index.php\/contes-du-bout-des-doigts\/#breadcrumb\"},\"inLanguage\":\"fr-FR\",\"potentialAction\":[{\"@type\":\"ReadAction\",\"target\":[\"https:\/\/lagrainebleue.fr\/index.php\/contes-du-bout-des-doigts\/\"]}]},{\"@type\":\"ImageObject\",\"inLanguage\":\"fr-FR\",\"@id\":\"https:\/\/lagrainebleue.fr\/index.php\/contes-du-bout-des-doigts\/#primaryimage\",\"url\":\"http:\/\/lagrainebleue.fr\/wp-content\/uploads\/2025\/03\/CDBDD-04.jpg\",\"contentUrl\":\"http:\/\/lagrainebleue.fr\/wp-content\/uploads\/2025\/03\/CDBDD-04.jpg\"},{\"@type\":\"BreadcrumbList\",\"@id\":\"https:\/\/lagrainebleue.fr\/index.php\/contes-du-bout-des-doigts\/#breadcrumb\",\"itemListElement\":[{\"@type\":\"ListItem\",\"position\":1,\"name\":\"Accueil\",\"item\":\"https:\/\/lagrainebleue.fr\/\"},{\"@type\":\"ListItem\",\"position\":2,\"name\":\"Contes du bout des doigts\"}]},{\"@type\":\"WebSite\",\"@id\":\"https:\/\/lagrainebleue.fr\/#website\",\"url\":\"https:\/\/lagrainebleue.fr\/\",\"name\":\"Compagnie La Graine Bleue\",\"description\":\"Th\u00e9\u00e2tre &amp; LSF ....................... &gt;&gt; Site en construction\",\"potentialAction\":[{\"@type\":\"SearchAction\",\"target\":{\"@type\":\"EntryPoint\",\"urlTemplate\":\"https:\/\/lagrainebleue.fr\/?s={search_term_string}\"},\"query-input\":{\"@type\":\"PropertyValueSpecification\",\"valueRequired\":true,\"valueName\":\"search_term_string\"}}],\"inLanguage\":\"fr-FR\"}]}<\/script>\n<!-- \/ Yoast SEO plugin. -->","yoast_head_json":{"title":"Contes du bout des doigts - Compagnie La Graine Bleue","robots":{"index":"index","follow":"follow","max-snippet":"max-snippet:-1","max-image-preview":"max-image-preview:large","max-video-preview":"max-video-preview:-1"},"canonical":"https:\/\/lagrainebleue.fr\/index.php\/contes-du-bout-des-doigts\/","og_locale":"fr_FR","og_type":"article","og_title":"Contes du bout des doigts - Compagnie La Graine Bleue","og_description":"Contes du bout des doigts* *Titre provisoire\u00e0 partir de 4 ans (En cours de r\u00e9\u00e9criture) Un personnage nous entra\u00eene \u00e0 travers le flot de ses pens\u00e9es. Une introspection qui nous fait nous questionner sur qui nous sommes et sur le regard que l\u2019on porte aux autres. Une exploration visuelle, po\u00e9tique et sonore, soulign\u00e9e de la langue des signes. Quand vivre et grandir n\u00e9cessite de prendre&hellip;","og_url":"https:\/\/lagrainebleue.fr\/index.php\/contes-du-bout-des-doigts\/","og_site_name":"Compagnie La Graine Bleue","article_modified_time":"2025-04-14T09:30:12+00:00","og_image":[{"url":"http:\/\/lagrainebleue.fr\/wp-content\/uploads\/2025\/03\/CDBDD-04.jpg","type":"","width":"","height":""}],"twitter_card":"summary_large_image","twitter_misc":{"Dur\u00e9e de lecture estim\u00e9e":"1 minute"},"schema":{"@context":"https:\/\/schema.org","@graph":[{"@type":"WebPage","@id":"https:\/\/lagrainebleue.fr\/index.php\/contes-du-bout-des-doigts\/","url":"https:\/\/lagrainebleue.fr\/index.php\/contes-du-bout-des-doigts\/","name":"Contes du bout des doigts - Compagnie La Graine Bleue","isPartOf":{"@id":"https:\/\/lagrainebleue.fr\/#website"},"primaryImageOfPage":{"@id":"https:\/\/lagrainebleue.fr\/index.php\/contes-du-bout-des-doigts\/#primaryimage"},"image":{"@id":"https:\/\/lagrainebleue.fr\/index.php\/contes-du-bout-des-doigts\/#primaryimage"},"thumbnailUrl":"http:\/\/lagrainebleue.fr\/wp-content\/uploads\/2025\/03\/CDBDD-04.jpg","datePublished":"2025-04-08T13:32:58+00:00","dateModified":"2025-04-14T09:30:12+00:00","breadcrumb":{"@id":"https:\/\/lagrainebleue.fr\/index.php\/contes-du-bout-des-doigts\/#breadcrumb"},"inLanguage":"fr-FR","potentialAction":[{"@type":"ReadAction","target":["https:\/\/lagrainebleue.fr\/index.php\/contes-du-bout-des-doigts\/"]}]},{"@type":"ImageObject","inLanguage":"fr-FR","@id":"https:\/\/lagrainebleue.fr\/index.php\/contes-du-bout-des-doigts\/#primaryimage","url":"http:\/\/lagrainebleue.fr\/wp-content\/uploads\/2025\/03\/CDBDD-04.jpg","contentUrl":"http:\/\/lagrainebleue.fr\/wp-content\/uploads\/2025\/03\/CDBDD-04.jpg"},{"@type":"BreadcrumbList","@id":"https:\/\/lagrainebleue.fr\/index.php\/contes-du-bout-des-doigts\/#breadcrumb","itemListElement":[{"@type":"ListItem","position":1,"name":"Accueil","item":"https:\/\/lagrainebleue.fr\/"},{"@type":"ListItem","position":2,"name":"Contes du bout des doigts"}]},{"@type":"WebSite","@id":"https:\/\/lagrainebleue.fr\/#website","url":"https:\/\/lagrainebleue.fr\/","name":"Compagnie La Graine Bleue","description":"Th\u00e9\u00e2tre &amp; LSF ....................... &gt;&gt; Site en construction","potentialAction":[{"@type":"SearchAction","target":{"@type":"EntryPoint","urlTemplate":"https:\/\/lagrainebleue.fr\/?s={search_term_string}"},"query-input":{"@type":"PropertyValueSpecification","valueRequired":true,"valueName":"search_term_string"}}],"inLanguage":"fr-FR"}]}},"_links":{"self":[{"href":"https:\/\/lagrainebleue.fr\/index.php\/wp-json\/wp\/v2\/pages\/547","targetHints":{"allow":["GET"]}}],"collection":[{"href":"https:\/\/lagrainebleue.fr\/index.php\/wp-json\/wp\/v2\/pages"}],"about":[{"href":"https:\/\/lagrainebleue.fr\/index.php\/wp-json\/wp\/v2\/types\/page"}],"author":[{"embeddable":true,"href":"https:\/\/lagrainebleue.fr\/index.php\/wp-json\/wp\/v2\/users\/1"}],"replies":[{"embeddable":true,"href":"https:\/\/lagrainebleue.fr\/index.php\/wp-json\/wp\/v2\/comments?post=547"}],"version-history":[{"count":10,"href":"https:\/\/lagrainebleue.fr\/index.php\/wp-json\/wp\/v2\/pages\/547\/revisions"}],"predecessor-version":[{"id":591,"href":"https:\/\/lagrainebleue.fr\/index.php\/wp-json\/wp\/v2\/pages\/547\/revisions\/591"}],"wp:attachment":[{"href":"https:\/\/lagrainebleue.fr\/index.php\/wp-json\/wp\/v2\/media?parent=547"}],"curies":[{"name":"wp","href":"https:\/\/api.w.org\/{rel}","templated":true}]}}